{"id":719,"date":"2021-09-16T11:07:03","date_gmt":"2021-09-16T11:07:03","guid":{"rendered":"https:\/\/www.proativacomunicacao.com.br\/novo\/?page_id=719"},"modified":"2021-09-16T11:09:35","modified_gmt":"2021-09-16T11:09:35","slug":"noticias","status":"publish","type":"page","link":"https:\/\/www.proativacomunicacao.com.br\/novo\/?page_id=719","title":{"rendered":"Not\u00edcias"},"content":{"rendered":"\t\t<div data-elementor-type=\"wp-page\" data-elementor-id=\"719\" class=\"elementor elementor-719\" data-elementor-post-type=\"page\">\n\t\t\t\t\t\t<section class=\"elementor-section elementor-top-section elementor-element elementor-element-9b58635 elementor-section-boxed elementor-section-height-default elementor-section-height-default\" data-id=\"9b58635\" data-element_type=\"section\">\n\t\t\t\t\t\t<div class=\"elementor-container elementor-column-gap-default\">\n\t\t\t\t\t<div class=\"elementor-column elementor-col-100 elementor-top-column elementor-element elementor-element-a71fcf1\" data-id=\"a71fcf1\" data-element_type=\"column\">\n\t\t\t<div class=\"elementor-widget-wrap elementor-element-populated\">\n\t\t\t\t\t\t<div class=\"elementor-element elementor-element-c434837 elementor-grid-3 elementor-grid-tablet-2 elementor-grid-mobile-1 elementor-posts--thumbnail-top elementor-invisible elementor-widget elementor-widget-posts\" data-id=\"c434837\" data-element_type=\"widget\" data-settings=\"{&quot;pagination_type&quot;:&quot;numbers&quot;,&quot;_animation&quot;:&quot;zoomIn&quot;,&quot;classic_columns&quot;:&quot;3&quot;,&quot;classic_columns_tablet&quot;:&quot;2&quot;,&quot;classic_columns_mobile&quot;:&quot;1&quot;,&quot;classic_row_gap&quot;:{&quot;unit&quot;:&quot;px&quot;,&quot;size&quot;:35,&quot;sizes&quot;:[]},&quot;classic_row_gap_tablet&quot;:{&quot;unit&quot;:&quot;px&quot;,&quot;size&quot;:&quot;&quot;,&quot;sizes&quot;:[]},&quot;classic_row_gap_mobile&quot;:{&quot;unit&quot;:&quot;px&quot;,&quot;size&quot;:&quot;&quot;,&quot;sizes&quot;:[]}}\" data-widget_type=\"posts.classic\">\n\t\t\t\t<div class=\"elementor-widget-container\">\n\t\t\t\t\t<div class=\"elementor-posts-container elementor-posts elementor-posts--skin-classic elementor-grid\">\n\t\t\t\t<article class=\"elementor-post elementor-grid-item post-4516 noticia type-noticia status-publish has-post-thumbnail hentry\">\n\t\t\t\t<a class=\"elementor-post__thumbnail__link\" href=\"https:\/\/www.proativacomunicacao.com.br\/novo\/?noticia=acao-solidaria-apoia-jovem-na-transicao-do-acolhimento-institucional-para-a-vida-independente-com-campanha-cha-de-casa-nova\" tabindex=\"-1\" >\n\t\t\t<div class=\"elementor-post__thumbnail\"><img fetchpriority=\"high\" decoding=\"async\" width=\"239\" height=\"300\" src=\"https:\/\/www.proativacomunicacao.com.br\/novo\/wp-content\/uploads\/2026\/04\/Jovem-em-Movimento-Casa-Nova-239x300.png\" class=\"attachment-medium size-medium wp-image-4517\" alt=\"\" srcset=\"https:\/\/www.proativacomunicacao.com.br\/novo\/wp-content\/uploads\/2026\/04\/Jovem-em-Movimento-Casa-Nova-239x300.png 239w, https:\/\/www.proativacomunicacao.com.br\/novo\/wp-content\/uploads\/2026\/04\/Jovem-em-Movimento-Casa-Nova.png 450w\" sizes=\"(max-width: 239px) 100vw, 239px\" \/><\/div>\n\t\t<\/a>\n\t\t\t\t<div class=\"elementor-post__text\">\n\t\t\t\t<h3 class=\"elementor-post__title\">\n\t\t\t<a href=\"https:\/\/www.proativacomunicacao.com.br\/novo\/?noticia=acao-solidaria-apoia-jovem-na-transicao-do-acolhimento-institucional-para-a-vida-independente-com-campanha-cha-de-casa-nova\" >\n\t\t\t\tA\u00e7\u00e3o Solid\u00e1ria apoia jovem na transi\u00e7\u00e3o do acolhimento institucional para a vida independente com campanha \u201cCh\u00e1 de Casa Nova\u201d\t\t\t<\/a>\n\t\t<\/h3>\n\t\t\t\t<div class=\"elementor-post__excerpt\">\n\t\t\t<p>\u00a0Iniciativa mobiliza rede de solidariedade para garantir moradia e autonomia a jovem que deixa o acolhimento institucional\u00a0 O momento de sair de um acolhimento institucional<\/p>\n\t\t<\/div>\n\t\t\n\t\t<a class=\"elementor-post__read-more\" href=\"https:\/\/www.proativacomunicacao.com.br\/novo\/?noticia=acao-solidaria-apoia-jovem-na-transicao-do-acolhimento-institucional-para-a-vida-independente-com-campanha-cha-de-casa-nova\" aria-label=\"Read more about A\u00e7\u00e3o Solid\u00e1ria apoia jovem na transi\u00e7\u00e3o do acolhimento institucional para a vida independente com campanha \u201cCh\u00e1 de Casa Nova\u201d\" tabindex=\"-1\" >\n\t\t\tLeia Mais\t\t<\/a>\n\n\t\t\t\t<\/div>\n\t\t\t\t<\/article>\n\t\t\t\t<article class=\"elementor-post elementor-grid-item post-4512 noticia type-noticia status-publish has-post-thumbnail hentry\">\n\t\t\t\t<a class=\"elementor-post__thumbnail__link\" href=\"https:\/\/www.proativacomunicacao.com.br\/novo\/?noticia=aprovacao-do-estatuto-do-aprendiz-acende-alerta-no-setor-de-seguranca-privada\" tabindex=\"-1\" >\n\t\t\t<div class=\"elementor-post__thumbnail\"><img decoding=\"async\" width=\"300\" height=\"225\" src=\"https:\/\/www.proativacomunicacao.com.br\/novo\/wp-content\/uploads\/2026\/04\/Seguranca-Foto-de-Kindel-Media-via-Pexels-300x225.jpg\" class=\"attachment-medium size-medium wp-image-4513\" alt=\"\" srcset=\"https:\/\/www.proativacomunicacao.com.br\/novo\/wp-content\/uploads\/2026\/04\/Seguranca-Foto-de-Kindel-Media-via-Pexels-300x225.jpg 300w, https:\/\/www.proativacomunicacao.com.br\/novo\/wp-content\/uploads\/2026\/04\/Seguranca-Foto-de-Kindel-Media-via-Pexels-1024x768.jpg 1024w, https:\/\/www.proativacomunicacao.com.br\/novo\/wp-content\/uploads\/2026\/04\/Seguranca-Foto-de-Kindel-Media-via-Pexels-768x576.jpg 768w, https:\/\/www.proativacomunicacao.com.br\/novo\/wp-content\/uploads\/2026\/04\/Seguranca-Foto-de-Kindel-Media-via-Pexels-1536x1152.jpg 1536w, https:\/\/www.proativacomunicacao.com.br\/novo\/wp-content\/uploads\/2026\/04\/Seguranca-Foto-de-Kindel-Media-via-Pexels-2048x1536.jpg 2048w\" sizes=\"(max-width: 300px) 100vw, 300px\" \/><\/div>\n\t\t<\/a>\n\t\t\t\t<div class=\"elementor-post__text\">\n\t\t\t\t<h3 class=\"elementor-post__title\">\n\t\t\t<a href=\"https:\/\/www.proativacomunicacao.com.br\/novo\/?noticia=aprovacao-do-estatuto-do-aprendiz-acende-alerta-no-setor-de-seguranca-privada\" >\n\t\t\t\tAprova\u00e7\u00e3o do Estatuto do Aprendiz acende alerta no setor de seguran\u00e7a privada\t\t\t<\/a>\n\t\t<\/h3>\n\t\t\t\t<div class=\"elementor-post__excerpt\">\n\t\t\t<p>Fenavist, entidade representante da seguran\u00e7a privada no Brasil, aponta riscos operacionais e jur\u00eddicos diante da aus\u00eancia de adequa\u00e7\u00f5es \u00e0 realidade da atividade A recente aprova\u00e7\u00e3o,<\/p>\n\t\t<\/div>\n\t\t\n\t\t<a class=\"elementor-post__read-more\" href=\"https:\/\/www.proativacomunicacao.com.br\/novo\/?noticia=aprovacao-do-estatuto-do-aprendiz-acende-alerta-no-setor-de-seguranca-privada\" aria-label=\"Read more about Aprova\u00e7\u00e3o do Estatuto do Aprendiz acende alerta no setor de seguran\u00e7a privada\" tabindex=\"-1\" >\n\t\t\tLeia Mais\t\t<\/a>\n\n\t\t\t\t<\/div>\n\t\t\t\t<\/article>\n\t\t\t\t<article class=\"elementor-post elementor-grid-item post-4510 noticia type-noticia status-publish has-post-thumbnail hentry\">\n\t\t\t\t<a class=\"elementor-post__thumbnail__link\" href=\"https:\/\/www.proativacomunicacao.com.br\/novo\/?noticia=fim-das-chuvas-muda-ritmo-da-construcao-e-abre-janela-para-obras-em-brasilia\" tabindex=\"-1\" >\n\t\t\t<div class=\"elementor-post__thumbnail\"><img decoding=\"async\" width=\"300\" height=\"200\" src=\"https:\/\/www.proativacomunicacao.com.br\/novo\/wp-content\/uploads\/2026\/04\/Jose-Cruz-Agencia-Brasil-300x200.jpg\" class=\"attachment-medium size-medium wp-image-4511\" alt=\"\" srcset=\"https:\/\/www.proativacomunicacao.com.br\/novo\/wp-content\/uploads\/2026\/04\/Jose-Cruz-Agencia-Brasil-300x200.jpg 300w, https:\/\/www.proativacomunicacao.com.br\/novo\/wp-content\/uploads\/2026\/04\/Jose-Cruz-Agencia-Brasil-1024x683.jpg 1024w, https:\/\/www.proativacomunicacao.com.br\/novo\/wp-content\/uploads\/2026\/04\/Jose-Cruz-Agencia-Brasil-768x512.jpg 768w, https:\/\/www.proativacomunicacao.com.br\/novo\/wp-content\/uploads\/2026\/04\/Jose-Cruz-Agencia-Brasil-1536x1024.jpg 1536w, https:\/\/www.proativacomunicacao.com.br\/novo\/wp-content\/uploads\/2026\/04\/Jose-Cruz-Agencia-Brasil-2048x1365.jpg 2048w\" sizes=\"(max-width: 300px) 100vw, 300px\" \/><\/div>\n\t\t<\/a>\n\t\t\t\t<div class=\"elementor-post__text\">\n\t\t\t\t<h3 class=\"elementor-post__title\">\n\t\t\t<a href=\"https:\/\/www.proativacomunicacao.com.br\/novo\/?noticia=fim-das-chuvas-muda-ritmo-da-construcao-e-abre-janela-para-obras-em-brasilia\" >\n\t\t\t\tFim das chuvas muda ritmo da constru\u00e7\u00e3o e abre janela para obras em Bras\u00edlia\t\t\t<\/a>\n\t\t<\/h3>\n\t\t\t\t<div class=\"elementor-post__excerpt\">\n\t\t\t<p>Redu\u00e7\u00e3o das chuvas e maior estabilidade clim\u00e1tica tornam os pr\u00f3ximos meses mais adequados para constru\u00e7\u00f5es em Bras\u00edlia\u00a0 Com a transi\u00e7\u00e3o do per\u00edodo chuvoso para a<\/p>\n\t\t<\/div>\n\t\t\n\t\t<a class=\"elementor-post__read-more\" href=\"https:\/\/www.proativacomunicacao.com.br\/novo\/?noticia=fim-das-chuvas-muda-ritmo-da-construcao-e-abre-janela-para-obras-em-brasilia\" aria-label=\"Read more about Fim das chuvas muda ritmo da constru\u00e7\u00e3o e abre janela para obras em Bras\u00edlia\" tabindex=\"-1\" >\n\t\t\tLeia Mais\t\t<\/a>\n\n\t\t\t\t<\/div>\n\t\t\t\t<\/article>\n\t\t\t\t<article class=\"elementor-post elementor-grid-item post-4508 noticia type-noticia status-publish has-post-thumbnail hentry\">\n\t\t\t\t<a class=\"elementor-post__thumbnail__link\" href=\"https:\/\/www.proativacomunicacao.com.br\/novo\/?noticia=cafe-alem-da-xicara-como-usar-o-ingrediente-no-dia-a-dia-e-explorar-novos-sabores\" tabindex=\"-1\" >\n\t\t\t<div class=\"elementor-post__thumbnail\"><img loading=\"lazy\" decoding=\"async\" width=\"300\" height=\"200\" src=\"https:\/\/www.proativacomunicacao.com.br\/novo\/wp-content\/uploads\/2026\/04\/511d993c01e4ea5dd4f4de84da1c-300x200.webp\" class=\"attachment-medium size-medium wp-image-4509\" alt=\"\" srcset=\"https:\/\/www.proativacomunicacao.com.br\/novo\/wp-content\/uploads\/2026\/04\/511d993c01e4ea5dd4f4de84da1c-300x200.webp 300w, https:\/\/www.proativacomunicacao.com.br\/novo\/wp-content\/uploads\/2026\/04\/511d993c01e4ea5dd4f4de84da1c.webp 640w\" sizes=\"(max-width: 300px) 100vw, 300px\" \/><\/div>\n\t\t<\/a>\n\t\t\t\t<div class=\"elementor-post__text\">\n\t\t\t\t<h3 class=\"elementor-post__title\">\n\t\t\t<a href=\"https:\/\/www.proativacomunicacao.com.br\/novo\/?noticia=cafe-alem-da-xicara-como-usar-o-ingrediente-no-dia-a-dia-e-explorar-novos-sabores\" >\n\t\t\t\tCaf\u00e9 al\u00e9m da x\u00edcara: como usar o ingrediente no dia a dia e explorar novos sabores\t\t\t<\/a>\n\t\t<\/h3>\n\t\t\t\t<div class=\"elementor-post__excerpt\">\n\t\t\t<p>Nutricionista e chef mostram benef\u00edcios, formas de consumo e receitas que v\u00e3o do doce ao salgado Presente na rotina de milh\u00f5es de brasileiros, o caf\u00e9<\/p>\n\t\t<\/div>\n\t\t\n\t\t<a class=\"elementor-post__read-more\" href=\"https:\/\/www.proativacomunicacao.com.br\/novo\/?noticia=cafe-alem-da-xicara-como-usar-o-ingrediente-no-dia-a-dia-e-explorar-novos-sabores\" aria-label=\"Read more about Caf\u00e9 al\u00e9m da x\u00edcara: como usar o ingrediente no dia a dia e explorar novos sabores\" tabindex=\"-1\" >\n\t\t\tLeia Mais\t\t<\/a>\n\n\t\t\t\t<\/div>\n\t\t\t\t<\/article>\n\t\t\t\t<article class=\"elementor-post elementor-grid-item post-4505 noticia type-noticia status-publish has-post-thumbnail hentry\">\n\t\t\t\t<a class=\"elementor-post__thumbnail__link\" href=\"https:\/\/www.proativacomunicacao.com.br\/novo\/?noticia=imunidade-em-risco-na-mudanca-de-estacao-como-ajustar-a-alimentacao-no-dia-a-dia\" tabindex=\"-1\" >\n\t\t\t<div class=\"elementor-post__thumbnail\"><img loading=\"lazy\" decoding=\"async\" width=\"300\" height=\"169\" src=\"https:\/\/www.proativacomunicacao.com.br\/novo\/wp-content\/uploads\/2026\/04\/2043581582-capa-bons-fluidos-2026-04-22t115326778-300x169.webp\" class=\"attachment-medium size-medium wp-image-4506\" alt=\"\" srcset=\"https:\/\/www.proativacomunicacao.com.br\/novo\/wp-content\/uploads\/2026\/04\/2043581582-capa-bons-fluidos-2026-04-22t115326778-300x169.webp 300w, https:\/\/www.proativacomunicacao.com.br\/novo\/wp-content\/uploads\/2026\/04\/2043581582-capa-bons-fluidos-2026-04-22t115326778-1024x576.webp 1024w, https:\/\/www.proativacomunicacao.com.br\/novo\/wp-content\/uploads\/2026\/04\/2043581582-capa-bons-fluidos-2026-04-22t115326778-768x432.webp 768w, https:\/\/www.proativacomunicacao.com.br\/novo\/wp-content\/uploads\/2026\/04\/2043581582-capa-bons-fluidos-2026-04-22t115326778-1536x864.webp 1536w, https:\/\/www.proativacomunicacao.com.br\/novo\/wp-content\/uploads\/2026\/04\/2043581582-capa-bons-fluidos-2026-04-22t115326778.webp 1920w\" sizes=\"(max-width: 300px) 100vw, 300px\" \/><\/div>\n\t\t<\/a>\n\t\t\t\t<div class=\"elementor-post__text\">\n\t\t\t\t<h3 class=\"elementor-post__title\">\n\t\t\t<a href=\"https:\/\/www.proativacomunicacao.com.br\/novo\/?noticia=imunidade-em-risco-na-mudanca-de-estacao-como-ajustar-a-alimentacao-no-dia-a-dia\" >\n\t\t\t\tImunidade em risco na mudan\u00e7a de esta\u00e7\u00e3o: como ajustar a alimenta\u00e7\u00e3o no dia a dia\t\t\t<\/a>\n\t\t<\/h3>\n\t\t\t\t<div class=\"elementor-post__excerpt\">\n\t\t\t<p>\u00a0Nutricionista explica como a rotina alimentar fortalece o organismo durante os per\u00edodos de queda de temperatura Com a chegada dos per\u00edodos mais frios e as<\/p>\n\t\t<\/div>\n\t\t\n\t\t<a class=\"elementor-post__read-more\" href=\"https:\/\/www.proativacomunicacao.com.br\/novo\/?noticia=imunidade-em-risco-na-mudanca-de-estacao-como-ajustar-a-alimentacao-no-dia-a-dia\" aria-label=\"Read more about Imunidade em risco na mudan\u00e7a de esta\u00e7\u00e3o: como ajustar a alimenta\u00e7\u00e3o no dia a dia\" tabindex=\"-1\" >\n\t\t\tLeia Mais\t\t<\/a>\n\n\t\t\t\t<\/div>\n\t\t\t\t<\/article>\n\t\t\t\t<article class=\"elementor-post elementor-grid-item post-4502 noticia type-noticia status-publish has-post-thumbnail hentry\">\n\t\t\t\t<a class=\"elementor-post__thumbnail__link\" href=\"https:\/\/www.proativacomunicacao.com.br\/novo\/?noticia=arka-2026-promove-encontro-de-saberes-e-experiencias-em-travessia-no-lago-paranoa\" tabindex=\"-1\" >\n\t\t\t<div class=\"elementor-post__thumbnail\"><img loading=\"lazy\" decoding=\"async\" width=\"300\" height=\"200\" src=\"https:\/\/www.proativacomunicacao.com.br\/novo\/wp-content\/uploads\/2026\/04\/Alisson-Sindeaux-musico-e-organizador-Creditos-Raphael-Figueiredo-300x200.jpeg\" class=\"attachment-medium size-medium wp-image-4503\" alt=\"\" srcset=\"https:\/\/www.proativacomunicacao.com.br\/novo\/wp-content\/uploads\/2026\/04\/Alisson-Sindeaux-musico-e-organizador-Creditos-Raphael-Figueiredo-300x200.jpeg 300w, https:\/\/www.proativacomunicacao.com.br\/novo\/wp-content\/uploads\/2026\/04\/Alisson-Sindeaux-musico-e-organizador-Creditos-Raphael-Figueiredo-1024x682.jpeg 1024w, https:\/\/www.proativacomunicacao.com.br\/novo\/wp-content\/uploads\/2026\/04\/Alisson-Sindeaux-musico-e-organizador-Creditos-Raphael-Figueiredo-768x512.jpeg 768w, https:\/\/www.proativacomunicacao.com.br\/novo\/wp-content\/uploads\/2026\/04\/Alisson-Sindeaux-musico-e-organizador-Creditos-Raphael-Figueiredo-1536x1023.jpeg 1536w, https:\/\/www.proativacomunicacao.com.br\/novo\/wp-content\/uploads\/2026\/04\/Alisson-Sindeaux-musico-e-organizador-Creditos-Raphael-Figueiredo.jpeg 1600w\" sizes=\"(max-width: 300px) 100vw, 300px\" \/><\/div>\n\t\t<\/a>\n\t\t\t\t<div class=\"elementor-post__text\">\n\t\t\t\t<h3 class=\"elementor-post__title\">\n\t\t\t<a href=\"https:\/\/www.proativacomunicacao.com.br\/novo\/?noticia=arka-2026-promove-encontro-de-saberes-e-experiencias-em-travessia-no-lago-paranoa\" >\n\t\t\t\tARKA 2026 promove encontro de saberes e experi\u00eancias em travessia no Lago Parano\u00e1\t\t\t<\/a>\n\t\t<\/h3>\n\t\t\t\t<div class=\"elementor-post__excerpt\">\n\t\t\t<p>Evento re\u00fane lideran\u00e7as ind\u00edgenas, representantes espirituais e projetos de impacto em proposta que integra cultura, regenera\u00e7\u00e3o e celebra\u00e7\u00e3o consciente no dia 25 de abril Com<\/p>\n\t\t<\/div>\n\t\t\n\t\t<a class=\"elementor-post__read-more\" href=\"https:\/\/www.proativacomunicacao.com.br\/novo\/?noticia=arka-2026-promove-encontro-de-saberes-e-experiencias-em-travessia-no-lago-paranoa\" aria-label=\"Read more about ARKA 2026 promove encontro de saberes e experi\u00eancias em travessia no Lago Parano\u00e1\" tabindex=\"-1\" >\n\t\t\tLeia Mais\t\t<\/a>\n\n\t\t\t\t<\/div>\n\t\t\t\t<\/article>\n\t\t\t\t<article class=\"elementor-post elementor-grid-item post-4500 noticia type-noticia status-publish has-post-thumbnail hentry\">\n\t\t\t\t<a class=\"elementor-post__thumbnail__link\" href=\"https:\/\/www.proativacomunicacao.com.br\/novo\/?noticia=df-plaza-shopping-fecha-programacao-de-abril-com-princesinha-sofia-e-pipoca-gratuita-neste-domingo-26\" tabindex=\"-1\" >\n\t\t\t<div class=\"elementor-post__thumbnail\"><img loading=\"lazy\" decoding=\"async\" width=\"300\" height=\"200\" src=\"https:\/\/www.proativacomunicacao.com.br\/novo\/wp-content\/uploads\/2026\/04\/A-Princesinha-Sofia-Creditos-Divulgacao-Cia-Neia-e-Nando-300x200.jpeg\" class=\"attachment-medium size-medium wp-image-4501\" alt=\"\" srcset=\"https:\/\/www.proativacomunicacao.com.br\/novo\/wp-content\/uploads\/2026\/04\/A-Princesinha-Sofia-Creditos-Divulgacao-Cia-Neia-e-Nando-300x200.jpeg 300w, https:\/\/www.proativacomunicacao.com.br\/novo\/wp-content\/uploads\/2026\/04\/A-Princesinha-Sofia-Creditos-Divulgacao-Cia-Neia-e-Nando-1024x682.jpeg 1024w, https:\/\/www.proativacomunicacao.com.br\/novo\/wp-content\/uploads\/2026\/04\/A-Princesinha-Sofia-Creditos-Divulgacao-Cia-Neia-e-Nando-768x512.jpeg 768w, https:\/\/www.proativacomunicacao.com.br\/novo\/wp-content\/uploads\/2026\/04\/A-Princesinha-Sofia-Creditos-Divulgacao-Cia-Neia-e-Nando-1536x1023.jpeg 1536w, https:\/\/www.proativacomunicacao.com.br\/novo\/wp-content\/uploads\/2026\/04\/A-Princesinha-Sofia-Creditos-Divulgacao-Cia-Neia-e-Nando.jpeg 1600w\" sizes=\"(max-width: 300px) 100vw, 300px\" \/><\/div>\n\t\t<\/a>\n\t\t\t\t<div class=\"elementor-post__text\">\n\t\t\t\t<h3 class=\"elementor-post__title\">\n\t\t\t<a href=\"https:\/\/www.proativacomunicacao.com.br\/novo\/?noticia=df-plaza-shopping-fecha-programacao-de-abril-com-princesinha-sofia-e-pipoca-gratuita-neste-domingo-26\" >\n\t\t\t\tDF Plaza Shopping fecha programa\u00e7\u00e3o de abril com \u201cPrincesinha Sofia\u201d e pipoca gratuita neste domingo (26)\t\t\t<\/a>\n\t\t<\/h3>\n\t\t\t\t<div class=\"elementor-post__excerpt\">\n\t\t\t<p>A apresenta\u00e7\u00e3o integra o cronograma de teatros do m\u00eas com a proposta de lazer acess\u00edvel e em fam\u00edlia Na reta final de abril, o DF<\/p>\n\t\t<\/div>\n\t\t\n\t\t<a class=\"elementor-post__read-more\" href=\"https:\/\/www.proativacomunicacao.com.br\/novo\/?noticia=df-plaza-shopping-fecha-programacao-de-abril-com-princesinha-sofia-e-pipoca-gratuita-neste-domingo-26\" aria-label=\"Read more about DF Plaza Shopping fecha programa\u00e7\u00e3o de abril com \u201cPrincesinha Sofia\u201d e pipoca gratuita neste domingo (26)\" tabindex=\"-1\" >\n\t\t\tLeia Mais\t\t<\/a>\n\n\t\t\t\t<\/div>\n\t\t\t\t<\/article>\n\t\t\t\t<article class=\"elementor-post elementor-grid-item post-4498 noticia type-noticia status-publish has-post-thumbnail hentry\">\n\t\t\t\t<a class=\"elementor-post__thumbnail__link\" href=\"https:\/\/www.proativacomunicacao.com.br\/novo\/?noticia=dia-do-serralheiro-destaca-profissionais-essenciais-para-a-construcao-e-a-industria\" tabindex=\"-1\" >\n\t\t\t<div class=\"elementor-post__thumbnail\"><img loading=\"lazy\" decoding=\"async\" width=\"300\" height=\"200\" src=\"https:\/\/www.proativacomunicacao.com.br\/novo\/wp-content\/uploads\/2026\/04\/man-is-working-metal-factory-he-is-welding-piece-rail-using-special-tools-300x200.jpg\" class=\"attachment-medium size-medium wp-image-4499\" alt=\"\" srcset=\"https:\/\/www.proativacomunicacao.com.br\/novo\/wp-content\/uploads\/2026\/04\/man-is-working-metal-factory-he-is-welding-piece-rail-using-special-tools-300x200.jpg 300w, https:\/\/www.proativacomunicacao.com.br\/novo\/wp-content\/uploads\/2026\/04\/man-is-working-metal-factory-he-is-welding-piece-rail-using-special-tools-1024x683.jpg 1024w, https:\/\/www.proativacomunicacao.com.br\/novo\/wp-content\/uploads\/2026\/04\/man-is-working-metal-factory-he-is-welding-piece-rail-using-special-tools-768x512.jpg 768w, https:\/\/www.proativacomunicacao.com.br\/novo\/wp-content\/uploads\/2026\/04\/man-is-working-metal-factory-he-is-welding-piece-rail-using-special-tools-1536x1024.jpg 1536w, https:\/\/www.proativacomunicacao.com.br\/novo\/wp-content\/uploads\/2026\/04\/man-is-working-metal-factory-he-is-welding-piece-rail-using-special-tools-2048x1365.jpg 2048w\" sizes=\"(max-width: 300px) 100vw, 300px\" \/><\/div>\n\t\t<\/a>\n\t\t\t\t<div class=\"elementor-post__text\">\n\t\t\t\t<h3 class=\"elementor-post__title\">\n\t\t\t<a href=\"https:\/\/www.proativacomunicacao.com.br\/novo\/?noticia=dia-do-serralheiro-destaca-profissionais-essenciais-para-a-construcao-e-a-industria\" >\n\t\t\t\tDia do Serralheiro destaca profissionais essenciais para a constru\u00e7\u00e3o e a ind\u00fastria\t\t\t<\/a>\n\t\t<\/h3>\n\t\t\t\t<div class=\"elementor-post__excerpt\">\n\t\t\t<p>Celebrada em 23 de abril, data reconhece o trabalho de quem transforma a\u00e7o em estrutura, funcionalidade e design no dia a dia das cidades Respons\u00e1veis<\/p>\n\t\t<\/div>\n\t\t\n\t\t<a class=\"elementor-post__read-more\" href=\"https:\/\/www.proativacomunicacao.com.br\/novo\/?noticia=dia-do-serralheiro-destaca-profissionais-essenciais-para-a-construcao-e-a-industria\" aria-label=\"Read more about Dia do Serralheiro destaca profissionais essenciais para a constru\u00e7\u00e3o e a ind\u00fastria\" tabindex=\"-1\" >\n\t\t\tLeia Mais\t\t<\/a>\n\n\t\t\t\t<\/div>\n\t\t\t\t<\/article>\n\t\t\t\t<article class=\"elementor-post elementor-grid-item post-4496 noticia type-noticia status-publish has-post-thumbnail hentry\">\n\t\t\t\t<a class=\"elementor-post__thumbnail__link\" href=\"https:\/\/www.proativacomunicacao.com.br\/novo\/?noticia=df-plaza-shopping-celebra-o-aniversario-de-brasilia-com-roteiro-gastronomico\" tabindex=\"-1\" >\n\t\t\t<div class=\"elementor-post__thumbnail\"><img loading=\"lazy\" decoding=\"async\" width=\"300\" height=\"200\" src=\"https:\/\/www.proativacomunicacao.com.br\/novo\/wp-content\/uploads\/2026\/04\/Entrecote-com-fritas-300x200.jpg\" class=\"attachment-medium size-medium wp-image-4497\" alt=\"\" srcset=\"https:\/\/www.proativacomunicacao.com.br\/novo\/wp-content\/uploads\/2026\/04\/Entrecote-com-fritas-300x200.jpg 300w, https:\/\/www.proativacomunicacao.com.br\/novo\/wp-content\/uploads\/2026\/04\/Entrecote-com-fritas-768x512.jpg 768w, https:\/\/www.proativacomunicacao.com.br\/novo\/wp-content\/uploads\/2026\/04\/Entrecote-com-fritas.jpg 1000w\" sizes=\"(max-width: 300px) 100vw, 300px\" \/><\/div>\n\t\t<\/a>\n\t\t\t\t<div class=\"elementor-post__text\">\n\t\t\t\t<h3 class=\"elementor-post__title\">\n\t\t\t<a href=\"https:\/\/www.proativacomunicacao.com.br\/novo\/?noticia=df-plaza-shopping-celebra-o-aniversario-de-brasilia-com-roteiro-gastronomico\" >\n\t\t\t\tDF Plaza Shopping celebra o anivers\u00e1rio de Bras\u00edlia com roteiro gastron\u00f4mico\t\t\t<\/a>\n\t\t<\/h3>\n\t\t\t\t<div class=\"elementor-post__excerpt\">\n\t\t\t<p>Com pratos para compartilhar, variedades de doces e caf\u00e9s especiais, centro de compras convida p\u00fablico para uma experi\u00eancia saborosa neste feriado Para celebrar o anivers\u00e1rio<\/p>\n\t\t<\/div>\n\t\t\n\t\t<a class=\"elementor-post__read-more\" href=\"https:\/\/www.proativacomunicacao.com.br\/novo\/?noticia=df-plaza-shopping-celebra-o-aniversario-de-brasilia-com-roteiro-gastronomico\" aria-label=\"Read more about DF Plaza Shopping celebra o anivers\u00e1rio de Bras\u00edlia com roteiro gastron\u00f4mico\" tabindex=\"-1\" >\n\t\t\tLeia Mais\t\t<\/a>\n\n\t\t\t\t<\/div>\n\t\t\t\t<\/article>\n\t\t\t\t<\/div>\n\t\t\n\t\t\t\t<div class=\"e-load-more-anchor\" data-page=\"1\" data-max-page=\"160\" data-next-page=\"https:\/\/www.proativacomunicacao.com.br\/novo\/index.php?rest_route=%2Fwp%2Fv2%2Fpages%2F719&#038;paged=2\"><\/div>\n\t\t\t\t<nav class=\"elementor-pagination\" aria-label=\"Pagination\">\n\t\t\t<span aria-current=\"page\" class=\"page-numbers current\"><span class=\"elementor-screen-only\">Page<\/span>1<\/span>\n<a class=\"page-numbers\" href=\"https:\/\/www.proativacomunicacao.com.br\/novo\/index.php\/?paged=2\"><span class=\"elementor-screen-only\">Page<\/span>2<\/a>\n<a class=\"page-numbers\" href=\"https:\/\/www.proativacomunicacao.com.br\/novo\/index.php\/?paged=3\"><span class=\"elementor-screen-only\">Page<\/span>3<\/a>\n<a class=\"page-numbers\" href=\"https:\/\/www.proativacomunicacao.com.br\/novo\/index.php\/?paged=4\"><span class=\"elementor-screen-only\">Page<\/span>4<\/a>\n<a class=\"page-numbers\" href=\"https:\/\/www.proativacomunicacao.com.br\/novo\/index.php\/?paged=5\"><span class=\"elementor-screen-only\">Page<\/span>5<\/a>\t\t<\/nav>\n\t\t\t\t<\/div>\n\t\t\t\t<\/div>\n\t\t\t\t\t<\/div>\n\t\t<\/div>\n\t\t\t\t\t<\/div>\n\t\t<\/section>\n\t\t\t\t<\/div>\n\t\t","protected":false},"excerpt":{"rendered":"","protected":false},"author":1,"featured_media":0,"parent":0,"menu_order":0,"comment_status":"closed","ping_status":"closed","template":"","meta":{"footnotes":""},"class_list":["post-719","page","type-page","status-publish","hentry"],"_links":{"self":[{"href":"https:\/\/www.proativacomunicacao.com.br\/novo\/index.php?rest_route=\/wp\/v2\/pages\/719","targetHints":{"allow":["GET"]}}],"collection":[{"href":"https:\/\/www.proativacomunicacao.com.br\/novo\/index.php?rest_route=\/wp\/v2\/pages"}],"about":[{"href":"https:\/\/www.proativacomunicacao.com.br\/novo\/index.php?rest_route=\/wp\/v2\/types\/page"}],"author":[{"embeddable":true,"href":"https:\/\/www.proativacomunicacao.com.br\/novo\/index.php?rest_route=\/wp\/v2\/users\/1"}],"replies":[{"embeddable":true,"href":"https:\/\/www.proativacomunicacao.com.br\/novo\/index.php?rest_route=%2Fwp%2Fv2%2Fcomments&post=719"}],"version-history":[{"count":4,"href":"https:\/\/www.proativacomunicacao.com.br\/novo\/index.php?rest_route=\/wp\/v2\/pages\/719\/revisions"}],"predecessor-version":[{"id":724,"href":"https:\/\/www.proativacomunicacao.com.br\/novo\/index.php?rest_route=\/wp\/v2\/pages\/719\/revisions\/724"}],"wp:attachment":[{"href":"https:\/\/www.proativacomunicacao.com.br\/novo\/index.php?rest_route=%2Fwp%2Fv2%2Fmedia&parent=719"}],"curies":[{"name":"wp","href":"https:\/\/api.w.org\/{rel}","templated":true}]}}